{"id":2574,"date":"2014-11-04T09:12:53","date_gmt":"2014-11-04T09:12:53","guid":{"rendered":"http:\/\/eurotree.com.ar\/?page_id=2574"},"modified":"2014-12-16T17:15:13","modified_gmt":"2014-12-16T17:15:13","slug":"creencias-y-tradiciones-navidenas","status":"publish","type":"page","link":"https:\/\/eurotree.com.ar\/?page_id=2574","title":{"rendered":"Creencias y Tradiciones Navide\u00f1as"},"content":{"rendered":"<p style=\"text-align: justify;\"><strong><img loading=\"lazy\" decoding=\"async\" class=\"wp-image-2575 alignleft\" src=\"http:\/\/eurotree.com.ar\/wp-content\/uploads\/2014\/11\/IMG_4283.jpg\" alt=\"IMG_4283\" width=\"240\" height=\"160\" srcset=\"https:\/\/eurotree.com.ar\/wp-content\/uploads\/2014\/11\/IMG_4283.jpg 1600w, https:\/\/eurotree.com.ar\/wp-content\/uploads\/2014\/11\/IMG_4283-300x200.jpg 300w, https:\/\/eurotree.com.ar\/wp-content\/uploads\/2014\/11\/IMG_4283-1024x682.jpg 1024w, https:\/\/eurotree.com.ar\/wp-content\/uploads\/2014\/11\/IMG_4283-968x645.jpg 968w, https:\/\/eurotree.com.ar\/wp-content\/uploads\/2014\/11\/IMG_4283-636x424.jpg 636w, https:\/\/eurotree.com.ar\/wp-content\/uploads\/2014\/11\/IMG_4283-320x213.jpg 320w, https:\/\/eurotree.com.ar\/wp-content\/uploads\/2014\/11\/IMG_4283-239x159.jpg 239w\" sizes=\"(max-width: 240px) 100vw, 240px\" \/>Creencias y Tradiciones\u00a0N<\/strong><strong>avide\u00f1as<\/strong><\/p>\n<p style=\"text-align: justify;\">A mediados del a\u00f1o 700, en Alemania nace una de las creencias mas tradicionales. Los arboles de hojas perennes, pinos y abetos representaban la vida, por eso durante la \u00e9poca navide\u00f1a eran decorados por sus habitantes e incorporados dentro de sus casas con el fin de celebrar la vida eterna de Cristo. Y as\u00ed es como los \u00e1rboles fueron conocidos como El \u00c1rbol de Cristo y finalmente como El \u00c1rbol de Navidad.<\/p>\n<p style=\"text-align: justify;\">Otras tradiciones surgen de la \u00e9poca Victoriana, donde los arboles eran decorados con dulces y frutas los cuales no pod\u00edan ser comidos antes de medianoche, generando un clima de euforia y expectativa entre los ni\u00f1os.<\/p>\n<p style=\"text-align: justify;\">En otras ciudades, en cambio, se armaba el \u00e1rbol del Para\u00edso, que consist\u00eda en un tronco armado con figuras de Navidad cubierto con hojas, que simbolizaban la vida eterna, decorado con velas representando la luz de Cristo en nosotros y una estrella que simbolizaba la estrella de Bel\u00e9n.<\/p>\n<p style=\"text-align: justify;\"><img loading=\"lazy\" decoding=\"async\" class=\"wp-image-2576 alignright\" src=\"http:\/\/eurotree.com.ar\/wp-content\/uploads\/2014\/11\/arbol-noche-12.jpg\" alt=\"arbol noche 12\" width=\"343\" height=\"359\" srcset=\"https:\/\/eurotree.com.ar\/wp-content\/uploads\/2014\/11\/arbol-noche-12.jpg 960w, https:\/\/eurotree.com.ar\/wp-content\/uploads\/2014\/11\/arbol-noche-12-286x300.jpg 286w, https:\/\/eurotree.com.ar\/wp-content\/uploads\/2014\/11\/arbol-noche-12-636x666.jpg 636w, https:\/\/eurotree.com.ar\/wp-content\/uploads\/2014\/11\/arbol-noche-12-320x335.jpg 320w, https:\/\/eurotree.com.ar\/wp-content\/uploads\/2014\/11\/arbol-noche-12-239x250.jpg 239w\" sizes=\"(max-width: 343px) 100vw, 343px\" \/>Martin Luther es a quien se le acredita la incorporaci\u00f3n del \u00e1rbol de Navidad en nuestros hogares. Seg\u00fan la leyenda mientras caminaba en v\u00edsperas de Navidad, quedo sorprendido por la luz de las estrellas en el cielo, y llev\u00f3 a su casa un abeto que decor\u00f3 con velas con el prop\u00f3sito de mostrarle a sus hijos lo que hab\u00eda visto en el cielo.<\/p>\n<p style=\"text-align: justify;\">A pesar de las distintas tradiciones, creencias y costumbres, el \u00e1rbol de Navidad es hoy una de las tradiciones que permanecen vivas a trav\u00e9s del paso del tiempo en el mundo entero.<\/p>\n<p style=\"text-align: justify;\">Con el fin de mantener latente esta tradici\u00f3n que ayuda a la uni\u00f3n de la familia y colma los hogares de esperanza y prosperidad, nuestra empresa <strong><em>Eurotree s.r.l<\/em><\/strong> desarrollo una l\u00ednea de Arboles de Navidad que les permitir\u00e1 dar vida a todo este encanto tradicional.<\/p>\n","protected":false},"excerpt":{"rendered":"<p>Creencias y Tradiciones\u00a0Navide\u00f1as A mediados del a\u00f1o 700, en Alemania nace una de las creencias mas tradicionales. Los arboles de hojas perennes, pinos y abetos representaban la vida, por eso durante la \u00e9poca navide\u00f1a eran decorados por sus habitantes e incorporados dentro de sus casas con el fin de celebrar la vida eterna de Cristo. [&hellip;]<\/p>\n","protected":false},"author":1,"featured_media":0,"parent":0,"menu_order":0,"comment_status":"closed","ping_status":"closed","template":"","meta":{"footnotes":""},"class_list":["post-2574","page","type-page","status-publish"],"_links":{"self":[{"href":"https:\/\/eurotree.com.ar\/index.php?rest_route=\/wp\/v2\/pages\/2574"}],"collection":[{"href":"https:\/\/eurotree.com.ar\/index.php?rest_route=\/wp\/v2\/pages"}],"about":[{"href":"https:\/\/eurotree.com.ar\/index.php?rest_route=\/wp\/v2\/types\/page"}],"author":[{"embeddable":true,"href":"https:\/\/eurotree.com.ar\/index.php?rest_route=\/wp\/v2\/users\/1"}],"replies":[{"embeddable":true,"href":"https:\/\/eurotree.com.ar\/index.php?rest_route=%2Fwp%2Fv2%2Fcomments&post=2574"}],"version-history":[{"count":6,"href":"https:\/\/eurotree.com.ar\/index.php?rest_route=\/wp\/v2\/pages\/2574\/revisions"}],"predecessor-version":[{"id":2809,"href":"https:\/\/eurotree.com.ar\/index.php?rest_route=\/wp\/v2\/pages\/2574\/revisions\/2809"}],"wp:attachment":[{"href":"https:\/\/eurotree.com.ar\/index.php?rest_route=%2Fwp%2Fv2%2Fmedia&parent=2574"}],"curies":[{"name":"wp","href":"https:\/\/api.w.org\/{rel}","templated":true}]}}